{"id":228,"date":"2022-07-01T16:03:16","date_gmt":"2022-07-01T14:03:16","guid":{"rendered":"http:\/\/kluczserwis.wroclaw.pl\/?page_id=228"},"modified":"2025-10-21T14:31:44","modified_gmt":"2025-10-21T12:31:44","slug":"certyfikaty","status":"publish","type":"page","link":"https:\/\/kluczserwis.wroclaw.pl\/?page_id=228","title":{"rendered":"Certyfikaty"},"content":{"rendered":"<div data-colibri-id=\"228-c1\" class=\"style-398 style-local-228-c1 position-relative\">\n  <!---->\n  <div data-colibri-component=\"section\" data-colibri-id=\"228-c2\" id=\"custom\" class=\"h-section h-section-global-spacing d-flex align-items-lg-center align-items-md-center align-items-center style-399 style-local-228-c2 position-relative\">\n    <!---->\n    <!---->\n    <div class=\"h-section-grid-container h-section-boxed-container\">\n      <!---->\n      <div data-colibri-id=\"228-c3\" class=\"h-row-container gutters-row-lg-2 gutters-row-md-2 gutters-row-0 gutters-row-v-lg-2 gutters-row-v-md-2 gutters-row-v-2 style-400 style-local-228-c3 position-relative\">\n        <!---->\n        <div class=\"h-row justify-content-lg-center justify-content-md-center justify-content-center align-items-lg-stretch align-items-md-stretch align-items-stretch gutters-col-lg-2 gutters-col-md-2 gutters-col-0 gutters-col-v-lg-2 gutters-col-v-md-2 gutters-col-v-2\">\n          <!---->\n          <div class=\"h-column h-column-container d-flex h-col-lg-auto h-col-md-auto h-col-auto style-401-outer style-local-228-c4-outer\">\n            <div data-colibri-id=\"228-c4\" class=\"d-flex h-flex-basis h-column__inner h-px-lg-2 h-px-md-2 h-px-2 v-inner-lg-2 v-inner-md-2 v-inner-2 style-401 style-local-228-c4 position-relative\">\n              <!---->\n              <!---->\n              <div class=\"w-100 h-y-container h-column__content h-column__v-align flex-basis-100 align-self-lg-start align-self-md-start align-self-start\">\n                <!---->\n                <div data-colibri-id=\"228-c5\" class=\"h-text h-text-component style-402 style-local-228-c5 position-relative h-element\">\n                  <!---->\n                  <!---->\n                  <div class=\"\">\n                    <p>Posiadamy autoryzacj\u0119 na dorabianie kluczy zastrze\u017conych nast\u0119puj\u0105cych firm:<\/p>\n                  <\/div>\n                <\/div>\n              <\/div>\n            <\/div>\n          <\/div>\n        <\/div>\n      <\/div>\n    <\/div>\n  <\/div>\n  <div data-colibri-component=\"section\" data-colibri-id=\"228-c6\" id=\"custom-2\" class=\"h-section h-section-global-spacing d-flex align-items-lg-center align-items-md-center align-items-center style-403 style-local-228-c6 position-relative\">\n    <!---->\n    <!---->\n    <div class=\"h-section-grid-container h-section-boxed-container\">\n      <!---->\n      <div data-colibri-id=\"228-c7\" class=\"h-row-container gutters-row-lg-2 gutters-row-md-2 gutters-row-0 gutters-row-v-lg-2 gutters-row-v-md-2 gutters-row-v-2 style-404 style-local-228-c7 position-relative\">\n        <!---->\n        <div class=\"h-row justify-content-lg-center justify-content-md-center justify-content-center align-items-lg-stretch align-items-md-stretch align-items-stretch gutters-col-lg-2 gutters-col-md-2 gutters-col-0 gutters-col-v-lg-2 gutters-col-v-md-2 gutters-col-v-2\">\n          <!---->\n          <div class=\"h-column h-column-container d-flex h-col-lg-auto h-col-md-auto h-col-auto style-405-outer style-local-228-c8-outer\">\n            <div data-colibri-id=\"228-c8\" class=\"d-flex h-flex-basis h-column__inner h-px-lg-2 h-px-md-2 h-px-2 v-inner-lg-2 v-inner-md-2 v-inner-2 style-405 style-local-228-c8 position-relative\">\n              <!---->\n              <!---->\n              <div class=\"w-100 h-y-container h-column__content h-column__v-align flex-basis-100 align-self-lg-start align-self-md-start align-self-start\">\n                <!---->\n                <div data-colibri-id=\"228-c9\" class=\"d-block style-408 style-local-228-c9 position-relative h-element\">\n                  <!---->\n                  <div class=\"h-image__frame-container-outer\">\n                    <div class=\"h-image__frame-container\">\n                      <!---->\n                      <!---->\n                      <img loading=\"lazy\" decoding=\"async\" width=\"369\" height=\"137\" src=\"http:\/\/kluczserwis.wroclaw.pl\/wp-content\/uploads\/2022\/07\/cropped-cropped-wilka.png\" class=\"wp-image-241 style-408-image style-local-228-c9-image\" alt=\"\" srcset=\"https:\/\/kluczserwis.wroclaw.pl\/wp-content\/uploads\/2022\/07\/cropped-cropped-wilka.png 369w, https:\/\/kluczserwis.wroclaw.pl\/wp-content\/uploads\/2022\/07\/cropped-cropped-wilka-300x111.png 300w\" sizes=\"auto, (max-width: 369px) 100vw, 369px\" \/>\n                      <div class=\"h-image__frame h-hide-lg h-hide-md h-hide-sm style-408-frameImage style-local-228-c9-frameImage\"><\/div>\n                    <\/div>\n                  <\/div>\n                <\/div>\n              <\/div>\n            <\/div>\n          <\/div>\n          <div class=\"h-column h-column-container d-flex h-col-lg-auto h-col-md-auto h-col-auto style-406-outer style-local-228-c10-outer\">\n            <div data-colibri-id=\"228-c10\" class=\"d-flex h-flex-basis h-column__inner h-px-lg-2 h-px-md-2 h-px-2 v-inner-lg-2 v-inner-md-2 v-inner-2 style-406 style-local-228-c10 position-relative\">\n              <!---->\n              <!---->\n              <div class=\"w-100 h-y-container h-column__content h-column__v-align flex-basis-100 align-self-lg-start align-self-md-start align-self-start\">\n                <!---->\n                <div data-colibri-id=\"228-c11\" class=\"d-block style-409 style-local-228-c11 position-relative h-element\">\n                  <!---->\n                  <div class=\"h-image__frame-container-outer\">\n                    <div class=\"h-image__frame-container\">\n                      <!---->\n                      <!---->\n                      <img loading=\"lazy\" decoding=\"async\" width=\"1199\" height=\"801\" src=\"http:\/\/kluczserwis.wroclaw.pl\/wp-content\/uploads\/2022\/07\/cropped-cropped-Winkhaus.svg_.png\" class=\"wp-image-242 style-409-image style-local-228-c11-image\" alt=\"\" srcset=\"https:\/\/kluczserwis.wroclaw.pl\/wp-content\/uploads\/2022\/07\/cropped-cropped-Winkhaus.svg_.png 1199w, https:\/\/kluczserwis.wroclaw.pl\/wp-content\/uploads\/2022\/07\/cropped-cropped-Winkhaus.svg_-300x200.png 300w, https:\/\/kluczserwis.wroclaw.pl\/wp-content\/uploads\/2022\/07\/cropped-cropped-Winkhaus.svg_-1024x684.png 1024w, https:\/\/kluczserwis.wroclaw.pl\/wp-content\/uploads\/2022\/07\/cropped-cropped-Winkhaus.svg_-768x513.png 768w\" sizes=\"auto, (max-width: 1199px) 100vw, 1199px\" \/>\n                      <div class=\"h-image__frame h-hide-lg h-hide-md h-hide-sm style-409-frameImage style-local-228-c11-frameImage\"><\/div>\n                    <\/div>\n                  <\/div>\n                <\/div>\n              <\/div>\n            <\/div>\n          <\/div>\n          <div class=\"h-column h-column-container d-flex h-col-lg-auto h-col-md-auto h-col-auto style-407-outer style-local-228-c12-outer\">\n            <div data-colibri-id=\"228-c12\" class=\"d-flex h-flex-basis h-column__inner h-px-lg-2 h-px-md-2 h-px-2 v-inner-lg-2 v-inner-md-2 v-inner-2 style-407 style-local-228-c12 position-relative\">\n              <!---->\n              <!---->\n              <div class=\"w-100 h-y-container h-column__content h-column__v-align flex-basis-100 align-self-lg-start align-self-md-start align-self-start\">\n                <!---->\n                <div data-colibri-id=\"228-c13\" class=\"d-block style-410 style-local-228-c13 position-relative h-element\">\n                  <!---->\n                  <div class=\"h-image__frame-container-outer\">\n                    <div class=\"h-image__frame-container\">\n                      <!---->\n                      <!---->\n                      <img loading=\"lazy\" decoding=\"async\" width=\"278\" height=\"210\" src=\"http:\/\/kluczserwis.wroclaw.pl\/wp-content\/uploads\/2022\/07\/cropped-logo_Gallery-2.png\" class=\"wp-image-244 style-410-image style-local-228-c13-image\" alt=\"\" \/>\n                      <div class=\"h-image__frame h-hide-lg h-hide-md h-hide-sm style-410-frameImage style-local-228-c13-frameImage\"><\/div>\n                    <\/div>\n                  <\/div>\n                <\/div>\n              <\/div>\n            <\/div>\n          <\/div>\n        <\/div>\n      <\/div>\n    <\/div>\n  <\/div>\n  <div data-colibri-component=\"section\" data-colibri-id=\"228-c14\" id=\"custom-3\" class=\"h-section h-section-global-spacing d-flex align-items-lg-center align-items-md-center align-items-center style-411 style-local-228-c14 position-relative\">\n    <!---->\n    <!---->\n    <div class=\"h-section-grid-container h-section-boxed-container\">\n      <!---->\n      <div data-colibri-id=\"228-c15\" class=\"h-row-container gutters-row-lg-2 gutters-row-md-2 gutters-row-0 gutters-row-v-lg-2 gutters-row-v-md-2 gutters-row-v-2 style-412 style-local-228-c15 position-relative\">\n        <!---->\n        <div class=\"h-row justify-content-lg-center justify-content-md-center justify-content-center align-items-lg-stretch align-items-md-stretch align-items-stretch gutters-col-lg-2 gutters-col-md-2 gutters-col-0 gutters-col-v-lg-2 gutters-col-v-md-2 gutters-col-v-2\">\n          <!---->\n          <div class=\"h-column h-column-container d-flex h-col-lg-auto h-col-md-auto h-col-auto style-413-outer style-local-228-c16-outer\">\n            <div data-colibri-id=\"228-c16\" class=\"d-flex h-flex-basis h-column__inner h-px-lg-2 h-px-md-2 h-px-2 v-inner-lg-2 v-inner-md-2 v-inner-2 style-413 style-local-228-c16 position-relative\">\n              <!---->\n              <!---->\n              <div class=\"w-100 h-y-container h-column__content h-column__v-align flex-basis-100 align-self-lg-start align-self-md-start align-self-start\">\n                <!---->\n                <div data-colibri-id=\"228-c17\" class=\"d-block style-416 style-local-228-c17 position-relative h-element\">\n                  <!---->\n                  <div class=\"h-image__frame-container-outer\">\n                    <div class=\"h-image__frame-container\">\n                      <!---->\n                      <!---->\n                      <img loading=\"lazy\" decoding=\"async\" width=\"400\" height=\"300\" src=\"http:\/\/kluczserwis.wroclaw.pl\/wp-content\/uploads\/2022\/07\/cropped-28005_1208939586762_n.jpg\" class=\"wp-image-246 style-416-image style-local-228-c17-image\" alt=\"\" srcset=\"https:\/\/kluczserwis.wroclaw.pl\/wp-content\/uploads\/2022\/07\/cropped-28005_1208939586762_n.jpg 400w, https:\/\/kluczserwis.wroclaw.pl\/wp-content\/uploads\/2022\/07\/cropped-28005_1208939586762_n-300x225.jpg 300w\" sizes=\"auto, (max-width: 400px) 100vw, 400px\" \/>\n                      <div class=\"h-image__frame h-hide-lg h-hide-md h-hide-sm style-416-frameImage style-local-228-c17-frameImage\"><\/div>\n                    <\/div>\n                  <\/div>\n                <\/div>\n              <\/div>\n            <\/div>\n          <\/div>\n          <div class=\"h-column h-column-container d-flex h-col-lg-auto h-col-md-auto h-col-auto style-414-outer style-local-228-c18-outer\">\n            <div data-colibri-id=\"228-c18\" class=\"d-flex h-flex-basis h-column__inner h-px-lg-2 h-px-md-2 h-px-2 v-inner-lg-2 v-inner-md-2 v-inner-2 style-414 style-local-228-c18 position-relative\">\n              <!---->\n              <!---->\n              <div class=\"w-100 h-y-container h-column__content h-column__v-align flex-basis-100 align-self-lg-start align-self-md-start align-self-start\">\n                <!---->\n                <div data-colibri-id=\"228-c19\" class=\"d-block style-417 style-local-228-c19 position-relative h-element\">\n                  <!---->\n                  <div class=\"h-image__frame-container-outer\">\n                    <div class=\"h-image__frame-container\">\n                      <!---->\n                      <!---->\n                      <img loading=\"lazy\" decoding=\"async\" width=\"2559\" height=\"1077\" src=\"http:\/\/kluczserwis.wroclaw.pl\/wp-content\/uploads\/2022\/07\/cropped-2560px-EVVA-Logo.svg_.png\" class=\"wp-image-248 style-417-image style-local-228-c19-image\" alt=\"\" srcset=\"https:\/\/kluczserwis.wroclaw.pl\/wp-content\/uploads\/2022\/07\/cropped-2560px-EVVA-Logo.svg_.png 2559w, https:\/\/kluczserwis.wroclaw.pl\/wp-content\/uploads\/2022\/07\/cropped-2560px-EVVA-Logo.svg_-300x126.png 300w, https:\/\/kluczserwis.wroclaw.pl\/wp-content\/uploads\/2022\/07\/cropped-2560px-EVVA-Logo.svg_-1024x431.png 1024w, https:\/\/kluczserwis.wroclaw.pl\/wp-content\/uploads\/2022\/07\/cropped-2560px-EVVA-Logo.svg_-768x323.png 768w, https:\/\/kluczserwis.wroclaw.pl\/wp-content\/uploads\/2022\/07\/cropped-2560px-EVVA-Logo.svg_-1536x646.png 1536w, https:\/\/kluczserwis.wroclaw.pl\/wp-content\/uploads\/2022\/07\/cropped-2560px-EVVA-Logo.svg_-2048x862.png 2048w\" sizes=\"auto, (max-width: 2559px) 100vw, 2559px\" \/>\n                      <div class=\"h-image__frame h-hide-lg h-hide-md h-hide-sm style-417-frameImage style-local-228-c19-frameImage\"><\/div>\n                    <\/div>\n                  <\/div>\n                <\/div>\n              <\/div>\n            <\/div>\n          <\/div>\n          <div class=\"h-column h-column-container d-flex h-col-lg-auto h-col-md-auto h-col-auto style-415-outer style-local-228-c20-outer\">\n            <div data-colibri-id=\"228-c20\" class=\"d-flex h-flex-basis h-column__inner h-px-lg-2 h-px-md-2 h-px-2 v-inner-lg-2 v-inner-md-2 v-inner-2 style-415 style-local-228-c20 position-relative\">\n              <!---->\n              <!---->\n              <div class=\"w-100 h-y-container h-column__content h-column__v-align flex-basis-100 align-self-lg-start align-self-md-start align-self-start\">\n                <!---->\n                <div data-colibri-id=\"228-c21\" class=\"d-block style-418 style-local-228-c21 position-relative h-element\">\n                  <!---->\n                  <div class=\"h-image__frame-container-outer\">\n                    <div class=\"h-image__frame-container\">\n                      <!---->\n                      <!---->\n                      <img loading=\"lazy\" decoding=\"async\" width=\"224\" height=\"225\" src=\"http:\/\/kluczserwis.wroclaw.pl\/wp-content\/uploads\/2022\/07\/dad.jpg\" class=\"wp-image-249 style-418-image style-local-228-c21-image\" alt=\"\" srcset=\"https:\/\/kluczserwis.wroclaw.pl\/wp-content\/uploads\/2022\/07\/dad.jpg 224w, https:\/\/kluczserwis.wroclaw.pl\/wp-content\/uploads\/2022\/07\/dad-150x150.jpg 150w\" sizes=\"auto, (max-width: 224px) 100vw, 224px\" \/>\n                      <div class=\"h-image__frame h-hide-lg h-hide-md h-hide-sm style-418-frameImage style-local-228-c21-frameImage\"><\/div>\n                    <\/div>\n                  <\/div>\n                <\/div>\n              <\/div>\n            <\/div>\n          <\/div>\n        <\/div>\n      <\/div>\n    <\/div>\n  <\/div>\n<\/div>","protected":false},"excerpt":{"rendered":"<p>Posiadamy autoryzacj\u0119 na dorabianie kluczy zastrze\u017conych nast\u0119puj\u0105cych firm:<\/p>\n","protected":false},"author":1,"featured_media":0,"parent":0,"menu_order":0,"comment_status":"closed","ping_status":"closed","template":"page-templates\/full-width-page.php","meta":{"footnotes":""},"class_list":["post-228","page","type-page","status-publish","hentry"],"_links":{"self":[{"href":"https:\/\/kluczserwis.wroclaw.pl\/index.php?rest_route=\/wp\/v2\/pages\/228","targetHints":{"allow":["GET"]}}],"collection":[{"href":"https:\/\/kluczserwis.wroclaw.pl\/index.php?rest_route=\/wp\/v2\/pages"}],"about":[{"href":"https:\/\/kluczserwis.wroclaw.pl\/index.php?rest_route=\/wp\/v2\/types\/page"}],"author":[{"embeddable":true,"href":"https:\/\/kluczserwis.wroclaw.pl\/index.php?rest_route=\/wp\/v2\/users\/1"}],"replies":[{"embeddable":true,"href":"https:\/\/kluczserwis.wroclaw.pl\/index.php?rest_route=%2Fwp%2Fv2%2Fcomments&post=228"}],"version-history":[{"count":3,"href":"https:\/\/kluczserwis.wroclaw.pl\/index.php?rest_route=\/wp\/v2\/pages\/228\/revisions"}],"predecessor-version":[{"id":453,"href":"https:\/\/kluczserwis.wroclaw.pl\/index.php?rest_route=\/wp\/v2\/pages\/228\/revisions\/453"}],"wp:attachment":[{"href":"https:\/\/kluczserwis.wroclaw.pl\/index.php?rest_route=%2Fwp%2Fv2%2Fmedia&parent=228"}],"curies":[{"name":"wp","href":"https:\/\/api.w.org\/{rel}","templated":true}]}}